{"id":10900,"date":"2023-08-03T17:13:38","date_gmt":"2023-08-03T15:13:38","guid":{"rendered":"https:\/\/www.swisssem.ch\/?page_id=10900"},"modified":"2024-04-02T14:55:40","modified_gmt":"2024-04-02T12:55:40","slug":"videos-vom-samen-zum-brot","status":"publish","type":"page","link":"https:\/\/www.swisssem.ch\/de\/publikationen\/videos-vom-samen-zum-brot\/","title":{"rendered":"Videos : Vom Samen zum Brot"},"content":{"rendered":"\n<!-- downloads component -->\n\t<ul class=\"downloads\">\n\t\t\t<\/ul>\n\n<!-- end of downloads component -->\n\n\n\n\n<h2 class=\"wp-block-heading\">Vom Samen zum Brot in 9 kurzen Videos<\/h2>\n\n\n\n<p>0. <a href=\"https:\/\/www.swisssem.ch\/wp-content\/uploads\/2023\/01\/CAPS0_Intro_VomSamen_DE_V1.mp4\">Einf\u00fchrung<\/a> (Dauer 0:37 min)<br>1. <a href=\"https:\/\/www.swisssem.ch\/wp-content\/uploads\/2023\/01\/CAPS1_Zu\u0308chtung_DE_V1.mp4\">Z\u00fcchtung<\/a> (1 min 18)<br>2. <a href=\"https:\/\/www.swisssem.ch\/wp-content\/uploads\/2023\/01\/CAPS2_Sortenpru\u0308fungen_DE_V1.mp4\">Sortenpr\u00fcfungen<\/a> (1 min 16)<br>3. <a href=\"https:\/\/www.swisssem.ch\/wp-content\/uploads\/2023\/01\/CAPS3_Erhaltungszuchtung_DE_V1.mp4\">Erhaltungsz\u00fcchtung<\/a> (1 min 08)<br>4. <a href=\"https:\/\/www.swisssem.ch\/wp-content\/uploads\/2023\/01\/CAPS4_Vermehrungs_DE_V1.mp4\">Die Vermehrungsorganisationen (VO)<\/a> (1 min 13)<br>5. <a href=\"https:\/\/www.swisssem.ch\/wp-content\/uploads\/2023\/01\/CAPS5_Vermehrer_DE_V1.mp4\">Die Produzenten<\/a> (1 min 50)<br>6. <a href=\"https:\/\/www.swisssem.ch\/wp-content\/uploads\/2023\/01\/CAPS6_Fekdbesichtigung_V1.mp4\">Feldbesichtigung<\/a> (1 min 06)<br>7. <a href=\"https:\/\/www.swisssem.ch\/wp-content\/uploads\/2023\/01\/CAPS7_Aufbereitung_DE_V1.mp4\">Aufbereitung<\/a> (1 min 14)<br>8. <a href=\"https:\/\/www.swisssem.ch\/wp-content\/uploads\/2023\/01\/CAPS8_Etikettierung_DE_V1.mp4\">Etikettierung, Verkauf, Aussaaten und Verarbeitung<\/a> (1 min 08)<\/p>\n\n\n\n<figure class=\"wp-block-image size-large\"><img loading=\"lazy\" decoding=\"async\" width=\"1024\" height=\"459\" src=\"https:\/\/www.swisssem.ch\/wp-content\/uploads\/2024\/04\/Petits_Producteur-1024x459.png\" alt=\"\" class=\"wp-image-11388\" srcset=\"https:\/\/www.swisssem.ch\/wp-content\/uploads\/2024\/04\/Petits_Producteur-1024x459.png 1024w, https:\/\/www.swisssem.ch\/wp-content\/uploads\/2024\/04\/Petits_Producteur-300x135.png 300w, https:\/\/www.swisssem.ch\/wp-content\/uploads\/2024\/04\/Petits_Producteur-768x345.png 768w, https:\/\/www.swisssem.ch\/wp-content\/uploads\/2024\/04\/Petits_Producteur.png 1500w\" sizes=\"auto, (max-width: 1024px) 100vw, 1024px\" \/><\/figure>\n","protected":false},"excerpt":{"rendered":"<p>Vom Samen zum Brot in 9 kurzen Videos 0. Einf\u00fchrung (Dauer 0:37 min)1. Z\u00fcchtung (1 min 18)2. Sortenpr\u00fcfungen (1 min 16)3. Erhaltungsz\u00fcchtung (1 min 08)4. Die Vermehrungsorganisationen (VO) (1 min 13)5. Die Produzenten (1 min 50)6. Feldbesichtigung (1 min 06)7. Aufbereitung (1 min 14)8. Etikettierung, Verkauf, Aussaaten und Verarbeitung (1 min 08)<\/p>\n","protected":false},"author":6,"featured_media":0,"parent":9151,"menu_order":50,"comment_status":"closed","ping_status":"closed","template":"","meta":{"_acf_changed":false,"footnotes":""},"class_list":["post-10900","page","type-page","status-publish","hentry"],"acf":[],"yoast_head":"<!-- This site is optimized with the Yoast SEO plugin v27.1.1 - https:\/\/yoast.com\/product\/yoast-seo-wordpress\/ -->\n<title>Videos : Vom Samen zum Brot - swisssem saatgut schweiz<\/title>\n<meta name=\"robots\" content=\"index, follow, max-snippet:-1, max-image-preview:large, max-video-preview:-1\" \/>\n<link rel=\"canonical\" href=\"https:\/\/www.swisssem.ch\/de\/publikationen\/videos-vom-samen-zum-brot\/\" \/>\n<meta property=\"og:locale\" content=\"de_DE\" \/>\n<meta property=\"og:type\" content=\"article\" \/>\n<meta property=\"og:title\" content=\"Videos : Vom Samen zum Brot - swisssem saatgut schweiz\" \/>\n<meta property=\"og:description\" content=\"Vom Samen zum Brot in 9 kurzen Videos 0. Einf\u00fchrung (Dauer 0:37 min)1. Z\u00fcchtung (1 min 18)2. Sortenpr\u00fcfungen (1 min 16)3. Erhaltungsz\u00fcchtung (1 min 08)4. Die Vermehrungsorganisationen (VO) (1 min 13)5. Die Produzenten (1 min 50)6. Feldbesichtigung (1 min 06)7. Aufbereitung (1 min 14)8. Etikettierung, Verkauf, Aussaaten und Verarbeitung (1 min 08)\" \/>\n<meta property=\"og:url\" content=\"https:\/\/www.swisssem.ch\/de\/publikationen\/videos-vom-samen-zum-brot\/\" \/>\n<meta property=\"og:site_name\" content=\"swisssem saatgut schweiz\" \/>\n<meta property=\"article:modified_time\" content=\"2024-04-02T12:55:40+00:00\" \/>\n<meta property=\"og:image\" content=\"https:\/\/www.swisssem.ch\/wp-content\/uploads\/2024\/04\/Petits_Producteur-1024x459.png\" \/>\n<meta name=\"twitter:card\" content=\"summary_large_image\" \/>\n<meta name=\"twitter:label1\" content=\"Gesch\u00e4tzte Lesezeit\" \/>\n\t<meta name=\"twitter:data1\" content=\"1\u00a0Minute\" \/>\n<script type=\"application\/ld+json\" class=\"yoast-schema-graph\">{\"@context\":\"https:\/\/schema.org\",\"@graph\":[{\"@type\":\"WebPage\",\"@id\":\"https:\/\/www.swisssem.ch\/de\/publikationen\/videos-vom-samen-zum-brot\/\",\"url\":\"https:\/\/www.swisssem.ch\/de\/publikationen\/videos-vom-samen-zum-brot\/\",\"name\":\"Videos : Vom Samen zum Brot - swisssem saatgut schweiz\",\"isPartOf\":{\"@id\":\"https:\/\/www.swisssem.ch\/de\/#website\"},\"primaryImageOfPage\":{\"@id\":\"https:\/\/www.swisssem.ch\/de\/publikationen\/videos-vom-samen-zum-brot\/#primaryimage\"},\"image\":{\"@id\":\"https:\/\/www.swisssem.ch\/de\/publikationen\/videos-vom-samen-zum-brot\/#primaryimage\"},\"thumbnailUrl\":\"https:\/\/www.swisssem.ch\/wp-content\/uploads\/2024\/04\/Petits_Producteur-1024x459.png\",\"datePublished\":\"2023-08-03T15:13:38+00:00\",\"dateModified\":\"2024-04-02T12:55:40+00:00\",\"breadcrumb\":{\"@id\":\"https:\/\/www.swisssem.ch\/de\/publikationen\/videos-vom-samen-zum-brot\/#breadcrumb\"},\"inLanguage\":\"de\",\"potentialAction\":[{\"@type\":\"ReadAction\",\"target\":[\"https:\/\/www.swisssem.ch\/de\/publikationen\/videos-vom-samen-zum-brot\/\"]}]},{\"@type\":\"ImageObject\",\"inLanguage\":\"de\",\"@id\":\"https:\/\/www.swisssem.ch\/de\/publikationen\/videos-vom-samen-zum-brot\/#primaryimage\",\"url\":\"https:\/\/www.swisssem.ch\/wp-content\/uploads\/2024\/04\/Petits_Producteur-1024x459.png\",\"contentUrl\":\"https:\/\/www.swisssem.ch\/wp-content\/uploads\/2024\/04\/Petits_Producteur-1024x459.png\"},{\"@type\":\"BreadcrumbList\",\"@id\":\"https:\/\/www.swisssem.ch\/de\/publikationen\/videos-vom-samen-zum-brot\/#breadcrumb\",\"itemListElement\":[{\"@type\":\"ListItem\",\"position\":1,\"name\":\"Home\",\"item\":\"https:\/\/www.swisssem.ch\/de\/\"},{\"@type\":\"ListItem\",\"position\":2,\"name\":\"Publikationen\",\"item\":\"https:\/\/www.swisssem.ch\/de\/publikationen\/\"},{\"@type\":\"ListItem\",\"position\":3,\"name\":\"Videos : Vom Samen zum Brot\"}]},{\"@type\":\"WebSite\",\"@id\":\"https:\/\/www.swisssem.ch\/de\/#website\",\"url\":\"https:\/\/www.swisssem.ch\/de\/\",\"name\":\"swisssem saatgut schweiz\",\"description\":\"\",\"publisher\":{\"@id\":\"https:\/\/www.swisssem.ch\/de\/#organization\"},\"potentialAction\":[{\"@type\":\"SearchAction\",\"target\":{\"@type\":\"EntryPoint\",\"urlTemplate\":\"https:\/\/www.swisssem.ch\/de\/?s={search_term_string}\"},\"query-input\":{\"@type\":\"PropertyValueSpecification\",\"valueRequired\":true,\"valueName\":\"search_term_string\"}}],\"inLanguage\":\"de\"},{\"@type\":\"Organization\",\"@id\":\"https:\/\/www.swisssem.ch\/de\/#organization\",\"name\":\"swisssem saatgut schweiz\",\"url\":\"https:\/\/www.swisssem.ch\/de\/\",\"logo\":{\"@type\":\"ImageObject\",\"inLanguage\":\"de\",\"@id\":\"https:\/\/www.swisssem.ch\/de\/#\/schema\/logo\/image\/\",\"url\":\"https:\/\/www.swisssem.ch\/wp-content\/uploads\/2020\/03\/Logo_swisssem_RGB-1.jpg\",\"contentUrl\":\"https:\/\/www.swisssem.ch\/wp-content\/uploads\/2020\/03\/Logo_swisssem_RGB-1.jpg\",\"width\":1684,\"height\":430,\"caption\":\"swisssem saatgut schweiz\"},\"image\":{\"@id\":\"https:\/\/www.swisssem.ch\/de\/#\/schema\/logo\/image\/\"}}]}<\/script>\n<!-- \/ Yoast SEO plugin. -->","yoast_head_json":{"title":"Videos : Vom Samen zum Brot - swisssem saatgut schweiz","robots":{"index":"index","follow":"follow","max-snippet":"max-snippet:-1","max-image-preview":"max-image-preview:large","max-video-preview":"max-video-preview:-1"},"canonical":"https:\/\/www.swisssem.ch\/de\/publikationen\/videos-vom-samen-zum-brot\/","og_locale":"de_DE","og_type":"article","og_title":"Videos : Vom Samen zum Brot - swisssem saatgut schweiz","og_description":"Vom Samen zum Brot in 9 kurzen Videos 0. Einf\u00fchrung (Dauer 0:37 min)1. Z\u00fcchtung (1 min 18)2. Sortenpr\u00fcfungen (1 min 16)3. Erhaltungsz\u00fcchtung (1 min 08)4. Die Vermehrungsorganisationen (VO) (1 min 13)5. Die Produzenten (1 min 50)6. Feldbesichtigung (1 min 06)7. Aufbereitung (1 min 14)8. Etikettierung, Verkauf, Aussaaten und Verarbeitung (1 min 08)","og_url":"https:\/\/www.swisssem.ch\/de\/publikationen\/videos-vom-samen-zum-brot\/","og_site_name":"swisssem saatgut schweiz","article_modified_time":"2024-04-02T12:55:40+00:00","og_image":[{"url":"https:\/\/www.swisssem.ch\/wp-content\/uploads\/2024\/04\/Petits_Producteur-1024x459.png","type":"","width":"","height":""}],"twitter_card":"summary_large_image","twitter_misc":{"Gesch\u00e4tzte Lesezeit":"1\u00a0Minute"},"schema":{"@context":"https:\/\/schema.org","@graph":[{"@type":"WebPage","@id":"https:\/\/www.swisssem.ch\/de\/publikationen\/videos-vom-samen-zum-brot\/","url":"https:\/\/www.swisssem.ch\/de\/publikationen\/videos-vom-samen-zum-brot\/","name":"Videos : Vom Samen zum Brot - swisssem saatgut schweiz","isPartOf":{"@id":"https:\/\/www.swisssem.ch\/de\/#website"},"primaryImageOfPage":{"@id":"https:\/\/www.swisssem.ch\/de\/publikationen\/videos-vom-samen-zum-brot\/#primaryimage"},"image":{"@id":"https:\/\/www.swisssem.ch\/de\/publikationen\/videos-vom-samen-zum-brot\/#primaryimage"},"thumbnailUrl":"https:\/\/www.swisssem.ch\/wp-content\/uploads\/2024\/04\/Petits_Producteur-1024x459.png","datePublished":"2023-08-03T15:13:38+00:00","dateModified":"2024-04-02T12:55:40+00:00","breadcrumb":{"@id":"https:\/\/www.swisssem.ch\/de\/publikationen\/videos-vom-samen-zum-brot\/#breadcrumb"},"inLanguage":"de","potentialAction":[{"@type":"ReadAction","target":["https:\/\/www.swisssem.ch\/de\/publikationen\/videos-vom-samen-zum-brot\/"]}]},{"@type":"ImageObject","inLanguage":"de","@id":"https:\/\/www.swisssem.ch\/de\/publikationen\/videos-vom-samen-zum-brot\/#primaryimage","url":"https:\/\/www.swisssem.ch\/wp-content\/uploads\/2024\/04\/Petits_Producteur-1024x459.png","contentUrl":"https:\/\/www.swisssem.ch\/wp-content\/uploads\/2024\/04\/Petits_Producteur-1024x459.png"},{"@type":"BreadcrumbList","@id":"https:\/\/www.swisssem.ch\/de\/publikationen\/videos-vom-samen-zum-brot\/#breadcrumb","itemListElement":[{"@type":"ListItem","position":1,"name":"Home","item":"https:\/\/www.swisssem.ch\/de\/"},{"@type":"ListItem","position":2,"name":"Publikationen","item":"https:\/\/www.swisssem.ch\/de\/publikationen\/"},{"@type":"ListItem","position":3,"name":"Videos : Vom Samen zum Brot"}]},{"@type":"WebSite","@id":"https:\/\/www.swisssem.ch\/de\/#website","url":"https:\/\/www.swisssem.ch\/de\/","name":"swisssem saatgut schweiz","description":"","publisher":{"@id":"https:\/\/www.swisssem.ch\/de\/#organization"},"potentialAction":[{"@type":"SearchAction","target":{"@type":"EntryPoint","urlTemplate":"https:\/\/www.swisssem.ch\/de\/?s={search_term_string}"},"query-input":{"@type":"PropertyValueSpecification","valueRequired":true,"valueName":"search_term_string"}}],"inLanguage":"de"},{"@type":"Organization","@id":"https:\/\/www.swisssem.ch\/de\/#organization","name":"swisssem saatgut schweiz","url":"https:\/\/www.swisssem.ch\/de\/","logo":{"@type":"ImageObject","inLanguage":"de","@id":"https:\/\/www.swisssem.ch\/de\/#\/schema\/logo\/image\/","url":"https:\/\/www.swisssem.ch\/wp-content\/uploads\/2020\/03\/Logo_swisssem_RGB-1.jpg","contentUrl":"https:\/\/www.swisssem.ch\/wp-content\/uploads\/2020\/03\/Logo_swisssem_RGB-1.jpg","width":1684,"height":430,"caption":"swisssem saatgut schweiz"},"image":{"@id":"https:\/\/www.swisssem.ch\/de\/#\/schema\/logo\/image\/"}}]}},"_links":{"self":[{"href":"https:\/\/www.swisssem.ch\/de\/wp-json\/wp\/v2\/pages\/10900","targetHints":{"allow":["GET"]}}],"collection":[{"href":"https:\/\/www.swisssem.ch\/de\/wp-json\/wp\/v2\/pages"}],"about":[{"href":"https:\/\/www.swisssem.ch\/de\/wp-json\/wp\/v2\/types\/page"}],"author":[{"embeddable":true,"href":"https:\/\/www.swisssem.ch\/de\/wp-json\/wp\/v2\/users\/6"}],"replies":[{"embeddable":true,"href":"https:\/\/www.swisssem.ch\/de\/wp-json\/wp\/v2\/comments?post=10900"}],"version-history":[{"count":6,"href":"https:\/\/www.swisssem.ch\/de\/wp-json\/wp\/v2\/pages\/10900\/revisions"}],"predecessor-version":[{"id":11394,"href":"https:\/\/www.swisssem.ch\/de\/wp-json\/wp\/v2\/pages\/10900\/revisions\/11394"}],"up":[{"embeddable":true,"href":"https:\/\/www.swisssem.ch\/de\/wp-json\/wp\/v2\/pages\/9151"}],"wp:attachment":[{"href":"https:\/\/www.swisssem.ch\/de\/wp-json\/wp\/v2\/media?parent=10900"}],"curies":[{"name":"wp","href":"https:\/\/api.w.org\/{rel}","templated":true}]}}

<!-- downloads component -->
	<ul class="downloads">
			</ul>

<!-- end of downloads component -->




<h2 class="wp-block-heading">Vom Samen zum Brot in 9 kurzen Videos</h2>



<p>0. <a href="https://www.swisssem.ch/wp-content/uploads/2023/01/CAPS0_Intro_VomSamen_DE_V1.mp4">Einführung</a> (Dauer 0:37 min)<br>1. <a href="https://www.swisssem.ch/wp-content/uploads/2023/01/CAPS1_Züchtung_DE_V1.mp4">Züchtung</a> (1 min 18)<br>2. <a href="https://www.swisssem.ch/wp-content/uploads/2023/01/CAPS2_Sortenprüfungen_DE_V1.mp4">Sortenprüfungen</a> (1 min 16)<br>3. <a href="https://www.swisssem.ch/wp-content/uploads/2023/01/CAPS3_Erhaltungszuchtung_DE_V1.mp4">Erhaltungszüchtung</a> (1 min 08)<br>4. <a href="https://www.swisssem.ch/wp-content/uploads/2023/01/CAPS4_Vermehrungs_DE_V1.mp4">Die Vermehrungsorganisationen (VO)</a> (1 min 13)<br>5. <a href="https://www.swisssem.ch/wp-content/uploads/2023/01/CAPS5_Vermehrer_DE_V1.mp4">Die Produzenten</a> (1 min 50)<br>6. <a href="https://www.swisssem.ch/wp-content/uploads/2023/01/CAPS6_Fekdbesichtigung_V1.mp4">Feldbesichtigung</a> (1 min 06)<br>7. <a href="https://www.swisssem.ch/wp-content/uploads/2023/01/CAPS7_Aufbereitung_DE_V1.mp4">Aufbereitung</a> (1 min 14)<br>8. <a href="https://www.swisssem.ch/wp-content/uploads/2023/01/CAPS8_Etikettierung_DE_V1.mp4">Etikettierung, Verkauf, Aussaaten und Verarbeitung</a> (1 min 08)</p>



<figure class="wp-block-image size-large"><img loading="lazy" decoding="async" width="1024" height="459" src="https://www.swisssem.ch/wp-content/uploads/2024/04/Petits_Producteur-1024x459.png" alt="" class="wp-image-11388" srcset="https://www.swisssem.ch/wp-content/uploads/2024/04/Petits_Producteur-1024x459.png 1024w, https://www.swisssem.ch/wp-content/uploads/2024/04/Petits_Producteur-300x135.png 300w, https://www.swisssem.ch/wp-content/uploads/2024/04/Petits_Producteur-768x345.png 768w, https://www.swisssem.ch/wp-content/uploads/2024/04/Petits_Producteur.png 1500w" sizes="auto, (max-width: 1024px) 100vw, 1024px" /></figure>

<p>Vom Samen zum Brot in 9 kurzen Videos 0. Einführung (Dauer 0:37 min)1. Züchtung (1 min 18)2. Sortenprüfungen (1 min 16)3. Erhaltungszüchtung (1 min 08)4. Die Vermehrungsorganisationen (VO) (1 min 13)5. Die Produzenten (1 min 50)6. Feldbesichtigung (1 min 06)7. Aufbereitung (1 min 14)8. Etikettierung, Verkauf, Aussaaten und Verarbeitung (1 min 08)</p>

<!-- This site is optimized with the Yoast SEO plugin v27.1.1 - https://yoast.com/product/yoast-seo-wordpress/ -->
<title>Videos : Vom Samen zum Brot - swisssem saatgut schweiz</title>
<meta name="robots" content="index, follow, max-snippet:-1, max-image-preview:large, max-video-preview:-1" />
<link rel="canonical" href="https://www.swisssem.ch/de/publikationen/videos-vom-samen-zum-brot/" />
<meta property="og:locale" content="de_DE" />
<meta property="og:type" content="article" />
<meta property="og:title" content="Videos : Vom Samen zum Brot - swisssem saatgut schweiz" />
<meta property="og:description" content="Vom Samen zum Brot in 9 kurzen Videos 0. Einführung (Dauer 0:37 min)1. Züchtung (1 min 18)2. Sortenprüfungen (1 min 16)3. Erhaltungszüchtung (1 min 08)4. Die Vermehrungsorganisationen (VO) (1 min 13)5. Die Produzenten (1 min 50)6. Feldbesichtigung (1 min 06)7. Aufbereitung (1 min 14)8. Etikettierung, Verkauf, Aussaaten und Verarbeitung (1 min 08)" />
<meta property="og:url" content="https://www.swisssem.ch/de/publikationen/videos-vom-samen-zum-brot/" />
<meta property="og:site_name" content="swisssem saatgut schweiz" />
<meta property="article:modified_time" content="2024-04-02T12:55:40+00:00" />
<meta property="og:image" content="https://www.swisssem.ch/wp-content/uploads/2024/04/Petits_Producteur-1024x459.png" />
<meta name="twitter:card" content="summary_large_image" />
<meta name="twitter:label1" content="Geschätzte Lesezeit" />
	<meta name="twitter:data1" content="1 Minute" />
<script type="application/ld+json" class="yoast-schema-graph">{"@context":"https://schema.org","@graph":[{"@type":"WebPage","@id":"https://www.swisssem.ch/de/publikationen/videos-vom-samen-zum-brot/","url":"https://www.swisssem.ch/de/publikationen/videos-vom-samen-zum-brot/","name":"Videos : Vom Samen zum Brot - swisssem saatgut schweiz","isPartOf":{"@id":"https://www.swisssem.ch/de/#website"},"primaryImageOfPage":{"@id":"https://www.swisssem.ch/de/publikationen/videos-vom-samen-zum-brot/#primaryimage"},"image":{"@id":"https://www.swisssem.ch/de/publikationen/videos-vom-samen-zum-brot/#primaryimage"},"thumbnailUrl":"https://www.swisssem.ch/wp-content/uploads/2024/04/Petits_Producteur-1024x459.png","datePublished":"2023-08-03T15:13:38+00:00","dateModified":"2024-04-02T12:55:40+00:00","breadcrumb":{"@id":"https://www.swisssem.ch/de/publikationen/videos-vom-samen-zum-brot/#breadcrumb"},"inLanguage":"de","potentialAction":[{"@type":"ReadAction","target":["https://www.swisssem.ch/de/publikationen/videos-vom-samen-zum-brot/"]}]},{"@type":"ImageObject","inLanguage":"de","@id":"https://www.swisssem.ch/de/publikationen/videos-vom-samen-zum-brot/#primaryimage","url":"https://www.swisssem.ch/wp-content/uploads/2024/04/Petits_Producteur-1024x459.png","contentUrl":"https://www.swisssem.ch/wp-content/uploads/2024/04/Petits_Producteur-1024x459.png"},{"@type":"BreadcrumbList","@id":"https://www.swisssem.ch/de/publikationen/videos-vom-samen-zum-brot/#breadcrumb","itemListElement":[{"@type":"ListItem","position":1,"name":"Home","item":"https://www.swisssem.ch/de/"},{"@type":"ListItem","position":2,"name":"Publikationen","item":"https://www.swisssem.ch/de/publikationen/"},{"@type":"ListItem","position":3,"name":"Videos : Vom Samen zum Brot"}]},{"@type":"WebSite","@id":"https://www.swisssem.ch/de/#website","url":"https://www.swisssem.ch/de/","name":"swisssem saatgut schweiz","description":"","publisher":{"@id":"https://www.swisssem.ch/de/#organization"},"potentialAction":[{"@type":"SearchAction","target":{"@type":"EntryPoint","urlTemplate":"https://www.swisssem.ch/de/?s={search_term_string}"},"query-input":{"@type":"PropertyValueSpecification","valueRequired":true,"valueName":"search_term_string"}}],"inLanguage":"de"},{"@type":"Organization","@id":"https://www.swisssem.ch/de/#organization","name":"swisssem saatgut schweiz","url":"https://www.swisssem.ch/de/","logo":{"@type":"ImageObject","inLanguage":"de","@id":"https://www.swisssem.ch/de/#/schema/logo/image/","url":"https://www.swisssem.ch/wp-content/uploads/2020/03/Logo_swisssem_RGB-1.jpg","contentUrl":"https://www.swisssem.ch/wp-content/uploads/2020/03/Logo_swisssem_RGB-1.jpg","width":1684,"height":430,"caption":"swisssem saatgut schweiz"},"image":{"@id":"https://www.swisssem.ch/de/#/schema/logo/image/"}}]}</script>
<!-- / Yoast SEO plugin. -->

Vom Samen zum Brot in 9 kurzen Videos 0. Einführung (Dauer 0:37 min)1. Züchtung (1 min 18)2. Sortenprüfungen (1 min 16)3. Erhaltungszüchtung (1 min 08)4. Die Vermehrungsorganisationen (VO) (1 min 13)5. Die Produzenten (1 min 50)6. Feldbesichtigung (1 min 06)7. Aufbereitung (1 min 14)8. Etikettierung, Verkauf, Aussaaten und Verarbeitung (1 min 08)
